{"id":218,"date":"2020-06-22T10:31:31","date_gmt":"2020-06-22T08:31:31","guid":{"rendered":"http:\/\/autoecoleporras.com\/?page_id=218"},"modified":"2024-03-11T17:01:53","modified_gmt":"2024-03-11T16:01:53","slug":"permis-cyclomoteur","status":"publish","type":"page","link":"https:\/\/autoecoleporras.com\/index.php\/permis-cyclomoteur\/","title":{"rendered":"Permis scooter"},"content":{"rendered":"\t\t<div data-elementor-type=\"wp-page\" data-elementor-id=\"218\" class=\"elementor elementor-218\">\n\t\t\t\t\t\t\t<div class=\"elementor-element elementor-element-3a02526b e-flex e-con-boxed e-con e-parent\" data-id=\"3a02526b\" data-element_type=\"container\" data-settings=\"{&quot;content_width&quot;:&quot;boxed&quot;}\" data-core-v316-plus=\"true\">\n\t\t\t\t\t<div class=\"e-con-inner\">\n\t\t\t\t<div class=\"elementor-element elementor-element-4df1c40b elementor-widget elementor-widget-text-editor\" data-id=\"4df1c40b\" data-element_type=\"widget\" data-widget_type=\"text-editor.default\">\n\t\t\t\t<div class=\"elementor-widget-container\">\n\t\t\t<style>\/*! elementor - v3.16.0 - 20-09-2023 *\/\n.elementor-widget-text-editor.elementor-drop-cap-view-stacked .elementor-drop-cap{background-color:#69727d;color:#fff}.elementor-widget-text-editor.elementor-drop-cap-view-framed .elementor-drop-cap{color:#69727d;border:3px solid;background-color:transparent}.elementor-widget-text-editor:not(.elementor-drop-cap-view-default) .elementor-drop-cap{margin-top:8px}.elementor-widget-text-editor:not(.elementor-drop-cap-view-default) .elementor-drop-cap-letter{width:1em;height:1em}.elementor-widget-text-editor .elementor-drop-cap{float:left;text-align:center;line-height:1;font-size:50px}.elementor-widget-text-editor .elementor-drop-cap-letter{display:inline-block}<\/style>\t\t\t\t<p><!-- wp:extendstudio\/materialis--><\/p>\n<p><!-- wp:extendstudio\/materialis--><\/p>\n<p><!-- wp:extendstudio\/materialis--><\/p>\n<div id=\"about-1\" class=\"about-10 content-section content-section-spacing-large\" style=\"background-color: #f5fafd;\" data-label=\"About\" data-id=\"about--1\" data-export-id=\"about-10\" data-category=\"about\">\n<div class=\"gridContainer\">\n<div class=\"row middle-sm text-center\">\n<div class=\"col-sm-5 space-bottom-xs content-column\" data-type=\"column\">\n<h2 class=\"\">Enjoy le permis<br \/><span style=\"font-family: Roboto, arial, helvetica, sans-serif; font-weight: bold; font-style: italic;\">Cat\u00e9gorie AM<br \/><\/span>d\u00e8s 14 ans\u2026<\/h2>\n<p class=\"\" style=\"text-align: left;\">La cat\u00e9gorie AM permet de conduire d\u00e8s 14 ans des cyclomoteurs (motocyclettes de moins de 50 cm3) et des voiturettes (quadricycles l\u00e9gers). Elle est d\u00e9livr\u00e9e \u00e0 l\u2019issue d\u2019une formation d\u2019une dur\u00e9e minimale de 8 heures.<\/p>\n<p style=\"text-align: left;\">Cette cat\u00e9gorie est la seule exclue du r\u00e9gime de permis \u00e0 points.<\/p>\n<p><a class=\"button null color1 mdc-ripple-upgraded\" href=\"https:\/\/autoecoleporras.com\/index.php\/nos-offres-deux-roues\" target=\"_self\" rel=\"noopener\" data-cp-link=\"1\" data-icon=\"\">Tarifs<\/a><\/p>\n<\/div>\n<div class=\"col-sm-7 flexbox middle-xs center-xs\">\n<div class=\"overlay-box middle-xs center-xs flexbox box-image\">\n<div class=\"overlay-box-offset offset-border mdc-elevation--z5 border-color1 hide-xs border-radius-8\">\u00a0<\/div>\n<p><img decoding=\"async\" class=\"mdc-elevation--z10 rounded max-image\" src=\"https:\/\/autoecoleporras.com\/wp-content\/uploads\/2023\/11\/cropped-bsr_auto_ecole_porras.jpg\" data-size=\"480x700\" \/><\/p>\n<\/div>\n<\/div>\n<\/div>\n<\/div>\n<\/div>\n<p><!-- \/wp:extendstudio\/materialis--><!-- \/wp:extendstudio\/materialis--><!-- wp:extendstudio\/materialis--><\/p>\n<div id=\"content-1\" class=\"content-14-1m content-section-spacing-large content-section\" style=\"background-color: #ffffff;\" data-label=\"Content\" data-id=\"content--1\" data-export-id=\"content-14-1-materialis\" data-category=\"content\">\n<div class=\"gridContainer\">\n<div class=\"row middle-xs space-bottom-large\">\n<div class=\"col-md-6 col-xs-12 col-sm-6\"><img decoding=\"async\" class=\"mdc-elevation--z9\" src=\"https:\/\/autoecoleporras.com\/wp-content\/uploads\/2023\/11\/permis_scooter_porras.jpg\" \/><\/div>\n<div class=\"col-md-5 col-md-offset-1 col-xs-12 col-sm-6 content-left-sm space-bottom-xs-large\" data-type=\"column\">\n<h2 class=\"\"><span style=\"font-weight: 300;\">Quelles sont<br \/><\/span><strong>les conditions<\/strong><br \/><strong>d\u2019inscription ?<\/strong><\/h2>\n<p class=\"\"><span style=\"font-weight: 500;\">L\u2019ASSR 1 ou l\u2019ASSR 2 est obligatoire<\/span> pour pouvoir s\u2019inscrire \u00e0 la formation du brevet de s\u00e9curit\u00e9 routi\u00e8re (BSR) qui correspond \u00e0 la cat\u00e9gorie AM du permis. Pour les mineurs, une autorisation des parents ou du tuteur est obligatoire.<\/p>\n<p>La formation est dispens\u00e9e dans des \u00e9tablissements agr\u00e9\u00e9s par le pr\u00e9fet (\u00e9coles de conduite, associations, etc.)<\/p>\n<p>Lors de l\u2019inscription, un livret de formation est remis \u00e0 l\u2019\u00e9l\u00e8ve.<\/p>\n<p class=\"\">En quoi consiste la formation ?<\/p>\n<p class=\"\">Elle est assur\u00e9e par des formateurs qualifi\u00e9s.<\/p>\n<p>La formation au brevet de s\u00e9curit\u00e9 routi\u00e8re est d\u2019une dur\u00e9e minimale de huit heures, dispens\u00e9e sur deux jours au moins.<\/p>\n<\/div>\n<\/div>\n<div class=\"row middle-xs top-sm spaced-cols content-left-sm\" data-type=\"row\">\n<div class=\"col-sm-6 col-xs-12 border-top-color1 padding-first-el col-md-4\" data-type=\"column\">\n<h5 class=\"\">Echanger avec les \u00e9l\u00e8ves<\/h5>\n<p class=\"\">une s\u00e9quence dont l\u2019objectif est d\u2019\u00e9changer avec les \u00e9l\u00e8ves sur la s\u00e9curit\u00e9 routi\u00e8re (les comportements, les risques, leurs limites, etc.) ;<\/p>\n<\/div>\n<div class=\"col-sm-6 col-xs-12 border-top-color2 padding-first-el col-md-4\" data-type=\"column\">\n<h5 class=\"\">Conduite hors \/ en circulation<\/h5>\n<p class=\"\">deux s\u00e9quences qui sont consacr\u00e9es \u00e0 la formation \u00e0 la conduite hors circulation et \u00e0 la formation \u00e0 la conduite en circulation et une autre s\u00e9quence est d\u00e9di\u00e9e \u00e0 l\u2019acquisition\/r\u00e9vision de connaissances de base du code de la route ;<\/p>\n<\/div>\n<div class=\"col-sm-6 col-xs-12 border-top-color4 padding-first-el col-md-4\" data-type=\"column\">\n<h5 class=\"\">Risque routier<\/h5>\n<p class=\"\">une derni\u00e8re s\u00e9quence traite de la sensibilisation aux risques routiers, en pr\u00e9sence de l\u2019un au moins des parents ou du repr\u00e9sentant l\u00e9gal de l\u2019\u00e9l\u00e8ve mineur.\u00a0 \u00a0 \u00a0<\/p>\n<\/div>\n<\/div>\n<\/div>\n<\/div>\n<div id=\"a-savoir\" class=\"about-8-materialis content-section content-section-spacing-large content-relative\" style=\"background-color: #ffffff;\" data-label=\"a savoir\" data-id=\"about--2\" data-export-id=\"about-8-materialis\" data-category=\"about\">\n<div class=\"gridContainer\">\n<div class=\"row\">\n<div class=\"col-xs-12 col-sm-offset-1 col-sm-10\">\n<div class=\"row padding-container mdc-elevation--z5 pos-rel bg-color-white\">\n<div class=\"col-xs-12 col-sm-6 col-md-4 center-xs middle-xs div-image-text no-gutter-col\">\n<div>\n<h5 class=\"text-left-sm h1 space-bottom-xs space-top-xs font-900\">\u00a0 \u00a0<\/h5>\n<h5 class=\"text-left-sm h1 space-bottom-xs space-top-xs font-900\">\u00a0 \u00a0 \u00a0A savoir\u2026<\/h5>\n<\/div>\n<p><img decoding=\"async\" loading=\"lazy\" class=\"alignnone size-full wp-image-1909\" src=\"https:\/\/autoecoleporras.com\/wp-content\/uploads\/2024\/03\/cropped-porras_moto4.png\" alt=\"\" width=\"294\" height=\"367\" srcset=\"https:\/\/autoecoleporras.com\/wp-content\/uploads\/2024\/03\/cropped-porras_moto4.png 294w, https:\/\/autoecoleporras.com\/wp-content\/uploads\/2024\/03\/cropped-porras_moto4-240x300.png 240w\" sizes=\"(max-width: 294px) 100vw, 294px\" \/><\/p>\n<\/div>\n<div class=\"col-xs-12 col-sm-6 col-md-8 vertical-align-content padding-container\">\n<div class=\"\" data-type=\"column\">\u00a0<\/div>\n<hr class=\"hr-margin-negativ-2\" \/>\n<div class=\"row\">\n<div class=\"col-xs-12 space-bottom-xs\" data-type=\"column\">\n<p class=\"\" style=\"color: #54617a; font-family: Roboto; font-size: 20px; font-style: italic; font-weight: 300; line-height: 26px;\">Durant la formation, il est obligatoire de porter, en plus du casque et des gants, des v\u00eatements et chaussures adapt\u00e9s \u00e0 la conduite d\u2019un deux-roues motoris\u00e9.<\/p>\n<p><span class=\"\" style=\"font-weight: bold;\"><br \/>Comment obtenir la cat\u00e9gorie AM du permis de conduire?<\/span><\/p>\n<p>\u00c0 l\u2019issue de la formation, lors de la s\u00e9quence de sensibilisation aux risques routiers, l\u2019\u00e9l\u00e8ve se voit remettre une attestation par le responsable de l\u2019\u00e9cole de conduite.<\/p>\n<p>Cette attestation autorise son titulaire \u00e0 conduire, sur le territoire national, les cyclomoteurs pendant une dur\u00e9e de quatre mois \u00e0 compter de sa d\u00e9livrance.<\/p>\n<p>\u00c0 l\u2019issue de ce d\u00e9lai, l\u2019autorisation de conduire ces v\u00e9hicules sera conditionn\u00e9e \u00e0 la d\u00e9tention de la cat\u00e9gorie AM du permis de conduire<\/p>\n<\/div>\n<\/div>\n<\/div>\n<\/div>\n<\/div>\n<\/div>\n<\/div>\n<div class=\"section-separator-bottom\">\u00a0<\/div>\n<\/div>\n<p><!-- \/wp:extendstudio\/materialis--><\/p>\t\t\t\t\t\t<\/div>\n\t\t\t\t<\/div>\n\t\t\t\t\t<\/div>\n\t\t\t\t<\/div>\n\t\t\t\t\t\t\t<\/div>\n\t\t","protected":false},"excerpt":{"rendered":"<p>Enjoy le permisCat\u00e9gorie AMd\u00e8s 14 ans\u2026 La cat\u00e9gorie AM permet de conduire d\u00e8s 14 ans des cyclomoteurs (motocyclettes de moins de 50 cm3) et des voiturettes (quadricycles l\u00e9gers). Elle est d\u00e9livr\u00e9e \u00e0 l\u2019issue d\u2019une formation d\u2019une dur\u00e9e minimale de 8 heures. Cette cat\u00e9gorie est la seule exclue du r\u00e9gime de permis \u00e0 points. Tarifs \u00a0&nbsp;&hellip;<\/p>\n","protected":false},"author":1,"featured_media":1434,"parent":0,"menu_order":0,"comment_status":"closed","ping_status":"closed","template":"pro\/page-templates\/full-width-page.php","meta":{"footnotes":""},"_links":{"self":[{"href":"https:\/\/autoecoleporras.com\/index.php\/wp-json\/wp\/v2\/pages\/218"}],"collection":[{"href":"https:\/\/autoecoleporras.com\/index.php\/wp-json\/wp\/v2\/pages"}],"about":[{"href":"https:\/\/autoecoleporras.com\/index.php\/wp-json\/wp\/v2\/types\/page"}],"author":[{"embeddable":true,"href":"https:\/\/autoecoleporras.com\/index.php\/wp-json\/wp\/v2\/users\/1"}],"replies":[{"embeddable":true,"href":"https:\/\/autoecoleporras.com\/index.php\/wp-json\/wp\/v2\/comments?post=218"}],"version-history":[{"count":29,"href":"https:\/\/autoecoleporras.com\/index.php\/wp-json\/wp\/v2\/pages\/218\/revisions"}],"predecessor-version":[{"id":1912,"href":"https:\/\/autoecoleporras.com\/index.php\/wp-json\/wp\/v2\/pages\/218\/revisions\/1912"}],"wp:featuredmedia":[{"embeddable":true,"href":"https:\/\/autoecoleporras.com\/index.php\/wp-json\/wp\/v2\/media\/1434"}],"wp:attachment":[{"href":"https:\/\/autoecoleporras.com\/index.php\/wp-json\/wp\/v2\/media?parent=218"}],"curies":[{"name":"wp","href":"https:\/\/api.w.org\/{rel}","templated":true}]}}