{"id":365,"date":"2020-08-03T21:32:33","date_gmt":"2020-08-03T19:32:33","guid":{"rendered":"http:\/\/autoecoleporras.com\/?page_id=365"},"modified":"2022-01-09T19:15:26","modified_gmt":"2022-01-09T18:15:26","slug":"tarifs-be-b96","status":"publish","type":"page","link":"https:\/\/autoecoleporras.com\/index.php\/tarifs-be-b96\/","title":{"rendered":"Tarifs BE, B96"},"content":{"rendered":"<div class=\"WordSection1\">\n<p style=\"text-align: center; line-height: normal;\" align=\"center\"><b><span style=\"font-size: 10.0pt; font-family: 'Arial',sans-serif;\">Agr\u00e9ment Pr\u00e9fectoral N\u00b0 E. 15 069 00046.<\/span><\/b><\/p>\n<p><strong><span style=\"color: #3399ff; font-family: Blade Runner Movie Font;\"><span style=\"font-size: 37.3333px;\">FORMATION BE, B96<\/span><\/span><\/strong><\/p>\n<table border=\"1\" width=\"96%\" cellspacing=\"0\" cellpadding=\"0\">\n<tbody>\n<tr>\n<td rowspan=\"2\" width=\"33%\">\n<p style=\"text-align: center; line-height: normal;\" align=\"center\"><b><span style=\"font-size: 20.0pt; font-family: 'Arial',sans-serif;\">PRESTATIONS FOURNIES<\/span><\/b><\/p>\n<\/td>\n<td valign=\"top\" width=\"25%\">\n<p style=\"text-align: center; line-height: normal;\" align=\"center\"><b><span style=\"font-size: 10.0pt; font-family: 'Arial',sans-serif; color: red;\">B 96<\/span><\/b><\/p>\n<\/td>\n<td valign=\"top\" width=\"20%\">\n<p style=\"text-align: center; line-height: normal;\" align=\"center\"><b><span style=\"font-size: 10.0pt; font-family: 'Arial',sans-serif; color: red;\">BE CONDUITE <\/span><\/b><\/p>\n<\/td>\n<td valign=\"top\" width=\"20%\">\n<p style=\"text-align: center; line-height: normal;\" align=\"center\"><b><span style=\"font-size: 10.0pt; font-family: 'Arial',sans-serif; color: red;\">BE CODE+CONDUITE<\/span><\/b><\/p>\n<\/td>\n<\/tr>\n<tr>\n<td width=\"25%\">\n<p style=\"text-align: center; line-height: normal;\" align=\"center\"><b><span style=\"font-size: 10.0pt; font-family: 'Arial',sans-serif;\">PTAC DE L\u2019ENSEMBLE COMPRIS ENTRE 3,5T ET 4,250T<\/span><\/b><\/p>\n<\/td>\n<td colspan=\"2\" valign=\"top\" width=\"41%\">\n<p style=\"text-align: center; line-height: normal;\" align=\"center\"><b><span style=\"font-size: 10.0pt; font-family: 'Arial',sans-serif;\">PTAC DE L\u2019ENSEMBLE COMPRIS ENTRE 4,250T ET 7,5T<\/span><\/b><\/p>\n<\/td>\n<\/tr>\n<tr>\n<td width=\"33%\">\n<p style=\"line-height: normal;\"><b><span style=\"font-size: 10.0pt; font-family: 'Arial',sans-serif;\">FRAIS DE DOSSIER<\/span><\/b><\/p>\n<\/td>\n<td width=\"25%\">\n<p style=\"text-align: center; line-height: normal;\" align=\"center\"><b><span style=\"font-size: 16.0pt; font-family: 'Wingdings 2'; color: #00b050;\">P<\/span><\/b><\/p>\n<\/td>\n<td width=\"20%\">\n<p style=\"text-align: center; line-height: normal;\" align=\"center\"><b><span style=\"font-size: 16.0pt; font-family: 'Wingdings 2'; color: #00b050;\">P<\/span><\/b><\/p>\n<\/td>\n<td width=\"20%\">\n<p style=\"text-align: center; line-height: normal;\" align=\"center\"><b><span style=\"font-size: 16.0pt; font-family: 'Wingdings 2'; color: #00b050;\">P<\/span><\/b><\/p>\n<\/td>\n<\/tr>\n<tr>\n<td width=\"33%\">\n<p style=\"line-height: normal;\"><b><span style=\"font-size: 10.0pt; font-family: 'Arial',sans-serif;\">7 H DE FORMATION<\/span><\/b><\/p>\n<\/td>\n<td width=\"25%\">\n<p style=\"text-align: center; line-height: normal;\" align=\"center\"><b><span style=\"font-size: 16.0pt; font-family: 'Wingdings 2'; color: #00b050;\">P<\/span><\/b><\/p>\n<\/td>\n<td width=\"20%\"><\/td>\n<td width=\"20%\"><\/td>\n<\/tr>\n<tr>\n<td width=\"33%\">\n<p style=\"line-height: normal;\"><b><span style=\"font-size: 10.0pt; font-family: 'Arial',sans-serif;\">LIVRET DE CONDUITE<\/span><\/b><\/p>\n<\/td>\n<td width=\"25%\"><\/td>\n<td width=\"20%\">\n<p style=\"text-align: center; line-height: normal;\" align=\"center\"><b><span style=\"font-size: 16.0pt; font-family: 'Wingdings 2'; color: #00b050;\">P<\/span><\/b><\/p>\n<\/td>\n<td width=\"20%\">\n<p style=\"text-align: center; line-height: normal;\" align=\"center\"><b><span style=\"font-size: 16.0pt; font-family: 'Wingdings 2'; color: #00b050;\">P<\/span><\/b><\/p>\n<\/td>\n<\/tr>\n<tr>\n<td width=\"33%\">\n<p style=\"line-height: normal;\"><b><span style=\"font-size: 10.0pt; font-family: 'Arial',sans-serif;\">ACCOMPAGNEMENT CONDUITE<\/span><\/b><\/p>\n<\/td>\n<td width=\"25%\"><\/td>\n<td width=\"20%\">\n<p style=\"text-align: center; line-height: normal;\" align=\"center\"><b><span style=\"font-size: 16.0pt; font-family: 'Wingdings 2'; color: #00b050;\">P<\/span><\/b><\/p>\n<\/td>\n<td width=\"20%\">\n<p style=\"text-align: center; line-height: normal;\" align=\"center\"><b><span style=\"font-size: 16.0pt; font-family: 'Wingdings 2'; color: #00b050;\">P<\/span><\/b><\/p>\n<\/td>\n<\/tr>\n<tr>\n<td width=\"33%\">\n<p style=\"line-height: normal;\"><b><span style=\"font-size: 10.0pt; font-family: 'Arial',sans-serif;\">EVALUATION<\/span><\/b><\/p>\n<\/td>\n<td width=\"25%\"><\/td>\n<td width=\"20%\">\n<p style=\"text-align: center; line-height: normal;\" align=\"center\"><b><span style=\"font-size: 14.0pt; font-family: 'Wingdings 2';\">P<\/span><\/b><\/p>\n<\/td>\n<td width=\"20%\">\n<p style=\"text-align: center; line-height: normal;\" align=\"center\"><b><span style=\"font-size: 16.0pt; font-family: 'Wingdings 2'; color: #00b050;\">P<\/span><\/b><\/p>\n<\/td>\n<\/tr>\n<tr>\n<td width=\"33%\">\n<p style=\"line-height: normal;\"><b><span style=\"font-size: 10.0pt; font-family: 'Arial',sans-serif;\">STAGE DE 2 JOURS DE FORMATION<\/span><\/b><\/p>\n<\/td>\n<td width=\"25%\"><\/td>\n<td width=\"20%\">\n<p style=\"text-align: center; line-height: normal;\" align=\"center\"><b><span style=\"font-size: 14.0pt; font-family: 'Wingdings 2';\">P<\/span><\/b><\/p>\n<\/td>\n<td width=\"20%\">\n<p style=\"text-align: center; line-height: normal;\" align=\"center\"><b><span style=\"font-size: 16.0pt; font-family: 'Wingdings 2'; color: #00b050;\">P<\/span><\/b><\/p>\n<\/td>\n<\/tr>\n<tr>\n<td valign=\"top\" width=\"33%\">\n<p style=\"line-height: normal;\"><b><span style=\"font-size: 10.0pt; font-family: 'Arial',sans-serif;\">LIVRE DE CODE<\/span><\/b><\/p>\n<\/td>\n<td width=\"25%\"><\/td>\n<td width=\"20%\"><\/td>\n<td width=\"20%\">\n<p style=\"text-align: center; line-height: normal;\" align=\"center\"><b><span style=\"font-size: 16.0pt; font-family: 'Wingdings 2'; color: #00b050;\">P<\/span><\/b><\/p>\n<\/td>\n<\/tr>\n<tr>\n<td width=\"33%\">\n<p style=\"line-height: normal;\"><b><span style=\"font-size: 10.0pt; font-family: 'Arial',sans-serif;\">FORFAIT CODE (valable 2 mois)<\/span><\/b><\/p>\n<\/td>\n<td width=\"25%\"><\/td>\n<td width=\"20%\"><\/td>\n<td width=\"20%\">\n<p style=\"text-align: center; line-height: normal;\" align=\"center\"><b><span style=\"font-size: 16.0pt; font-family: 'Wingdings 2'; color: #00b050;\">P<\/span><\/b><\/p>\n<\/td>\n<\/tr>\n<tr>\n<td width=\"33%\">\n<p style=\"line-height: normal;\"><b><span style=\"font-size: 10.0pt; font-family: 'Arial',sans-serif;\">CODE PAR INTERNET<\/span><\/b><\/p>\n<\/td>\n<td width=\"25%\"><\/td>\n<td width=\"20%\"><\/td>\n<td width=\"20%\">\n<p style=\"text-align: center; line-height: normal;\" align=\"center\"><b><span style=\"font-size: 16.0pt; font-family: 'Wingdings 2'; color: #00b050;\">P<\/span><\/b><\/p>\n<\/td>\n<\/tr>\n<tr>\n<td width=\"33%\">\n<p style=\"text-align: center; line-height: normal;\" align=\"center\"><b><span style=\"font-size: 12.0pt; font-family: 'Arial Black',sans-serif; color: red;\">TARIFS<\/span><\/b><\/p>\n<\/td>\n<td width=\"25%\">\n<p style=\"text-align: center; line-height: normal;\" align=\"center\"><b><span style=\"font-size: 13.5pt; font-family: 'Arial',sans-serif; color: red;\">199 \u20ac<\/span><\/b><\/p>\n<\/td>\n<td width=\"20%\">\n<p style=\"text-align: center; line-height: normal;\" align=\"center\"><b><span style=\"font-size: 13.5pt; font-family: 'Arial',sans-serif; color: red;\">599 \u20ac<\/span><\/b><\/p>\n<\/td>\n<td width=\"20%\">\n<p style=\"text-align: center; line-height: normal;\" align=\"center\"><b><span style=\"font-size: 13.5pt; font-family: 'Arial',sans-serif; color: red;\">649 \u20ac<\/span><\/b><\/p>\n<\/td>\n<\/tr>\n<\/tbody>\n<\/table>\n<div style=\"border: solid windowtext 1.0pt; padding: 1.0pt 4.0pt 1.0pt 4.0pt;\">\n<p style=\"line-height: normal; border: none; padding: 0cm;\"><b><u><span style=\"font-size: 14.0pt; font-family: 'Arial',sans-serif; color: red;\">ATTENTION\u00a0!! <\/span><\/u><\/b><b><span style=\"font-size: 14.0pt; font-family: 'Arial',sans-serif;\">DEPUIS LE 13 JUIN 2016 UNE REDEVANCE DE 30\u20ac EST A REGLER POUR PASSER L\u2019EXAMEN DU CODE<\/span><\/b><\/p>\n<\/div>\n<p style=\"line-height: normal;\"><b><span style=\"font-size: 12.0pt; font-family: 'Arial',sans-serif;\">LIEU DE RENDEZ-VOUS POUR LA FORMATION\u00a0: PISTE A COMMUNAY VERS LA ROCADE<\/span><\/b><\/p>\n<p style=\"line-height: normal;\"><b><i><span style=\"font-size: 14.0pt; font-family: 'Arial',sans-serif; color: red;\">DIFFERENTES PRESTATIONS PEUVENT COMPLETER VOTRE FORMATION <\/span><\/i><\/b><b><i> <\/i><\/b><b><i><span style=\"font-size: 24.0pt; font-family: 'Wingdings 2'; color: red;\">?<\/span><\/i><\/b><\/p>\n<p style=\"line-height: normal;\"><b><u><span style=\"font-size: 16.0pt; font-family: 'Arial',sans-serif;\">PRIX DES PRESTATIONS SUPPLEMENTAIRES*\u00a0:<\/span><\/u><\/b><\/p>\n<p style=\"line-height: normal;\"><span style=\"font-family: Symbol; color: black;\">\u00b7<span style=\"font: 7.0pt 'Times New Roman';\">\u00a0\u00a0\u00a0\u00a0\u00a0\u00a0\u00a0\u00a0 <\/span><\/span><b><span style=\"font-family: 'Arial',sans-serif; color: black;\">CODE ACCELERE 199\u20ac<\/span><\/b><\/p>\n<p style=\"line-height: normal;\"><span style=\"font-family: Symbol; color: black;\">\u00b7<span style=\"font: 7.0pt 'Times New Roman';\">\u00a0\u00a0\u00a0\u00a0\u00a0\u00a0\u00a0\u00a0 <\/span><\/span><b><span style=\"font-family: 'Arial',sans-serif; color: black;\">FRAIS D\u2019ACCOMPAGNEMENT A L\u2019EXAMEN PRATIQUE 75\u20ac<\/span><\/b><\/p>\n<p style=\"line-height: normal;\"><span style=\"font-family: Symbol; color: black;\">\u00b7<span style=\"font: 7.0pt 'Times New Roman';\">\u00a0\u00a0\u00a0\u00a0\u00a0\u00a0\u00a0\u00a0 <\/span><\/span><b><span style=\"font-family: 'Arial',sans-serif; color: black;\">FRAIS D\u2019ACCOMPAGNEMENT EXAMEN THEORIQUE SUPPLEMENTAIRE 45\u20ac<\/span><\/b><\/p>\n<p style=\"line-height: normal;\"><span style=\"font-family: Symbol; color: black;\">\u00b7<span style=\"font: 7.0pt 'Times New Roman';\">\u00a0\u00a0\u00a0\u00a0\u00a0\u00a0\u00a0\u00a0 <\/span><\/span><b><span style=\"font-family: 'Arial',sans-serif; color: black;\">HEURE SUPPLEMENTAIRE 50\u20ac<\/span><\/b><\/p>\n<p style=\"line-height: normal;\"><span style=\"font-family: Symbol; color: black;\">\u00b7<span style=\"font: 7.0pt 'Times New Roman';\">\u00a0\u00a0\u00a0\u00a0\u00a0\u00a0\u00a0\u00a0 <\/span><\/span><b><span style=\"font-family: 'Arial',sans-serif; color: black;\">LIVRE DE CODE 16\u20ac<\/span><\/b><\/p>\n<p style=\"line-height: normal;\"><span style=\"font-family: Symbol; color: black;\">\u00b7<span style=\"font: 7.0pt 'Times New Roman';\">\u00a0\u00a0\u00a0\u00a0\u00a0\u00a0\u00a0\u00a0 <\/span><\/span><b><span style=\"font-family: 'Arial',sans-serif; color: black;\">DUPLICATA DE LIVRET 16\u20ac<\/span><\/b><\/p>\n<p style=\"line-height: normal;\"><span style=\"font-family: Symbol; color: black;\">\u00b7<span style=\"font: 7.0pt 'Times New Roman';\">\u00a0\u00a0\u00a0\u00a0\u00a0\u00a0\u00a0\u00a0 <\/span><\/span><b><span style=\"font-family: 'Arial',sans-serif; color: black;\">CODE PAR INTERNET 50\u20ac<\/span><\/b><\/p>\n<p style=\"line-height: normal;\"><b><u><span style=\"font-size: 14.0pt; font-family: 'Arial',sans-serif; color: #0099ff;\">PIECES A FOURNIR POUR LA CONSTITUTION DU DOSSIER PERMIS BE:<\/span><\/u><\/b><\/p>\n<p style=\"line-height: normal;\"><span style=\"font-size: 12.0pt; font-family: Wingdings; color: black;\">o<span style=\"font: 7.0pt 'Times New Roman';\">\u00a0 <\/span><\/span><b><span style=\"font-size: 12.0pt; font-family: 'Arial',sans-serif;\">1 photo d\u2019identit\u00e9 sur fond clair<\/span><\/b><span style=\"font-size: 12.0pt; font-family: 'Arial',sans-serif; color: black;\">.<\/span><\/p>\n<p style=\"line-height: normal;\"><span style=\"font-size: 12.0pt; font-family: Wingdings; color: black;\">o<span style=\"font: 7.0pt 'Times New Roman';\">\u00a0 <\/span><\/span><b><span style=\"font-size: 12.0pt; font-family: 'Arial',sans-serif;\">1 photo d\u2019identit\u00e9 num\u00e9rique + signature num\u00e9rique<\/span><\/b><\/p>\n<p style=\"line-height: normal;\"><span style=\"font-size: 12.0pt; font-family: Wingdings; color: black;\">o<span style=\"font: 7.0pt 'Times New Roman';\">\u00a0 <\/span><\/span><b><span style=\"font-size: 12.0pt; font-family: 'Arial',sans-serif;\">1 photocopie recto\/verso de la carte d\u2019identit\u00e9 en cours de validit\u00e9<\/span><\/b><span style=\"font-size: 12.0pt; font-family: 'Arial',sans-serif;\"> <b>ou de la carte de s\u00e9jour.<\/b><\/span><\/p>\n<p style=\"line-height: normal;\"><span style=\"font-size: 12.0pt; font-family: Wingdings; color: black;\">o<span style=\"font: 7.0pt 'Times New Roman';\">\u00a0 <\/span><\/span><b><span style=\"font-size: 12.0pt; font-family: 'Arial',sans-serif;\">Pour les candidats poss\u00e9dant d\u00e9j\u00e0 un permis, la photocopie de celui-ci.<\/span><\/b><\/p>\n<p style=\"line-height: normal;\"><span style=\"font-size: 12.0pt; font-family: Wingdings; color: black;\">o<span style=\"font: 7.0pt 'Times New Roman';\">\u00a0 <\/span><\/span><b><span style=\"font-size: 12.0pt; font-family: 'Arial',sans-serif;\">1 photocopie de l\u2019attestation de recensement (pour candidat de moins de 18 ans)<\/span><\/b><span style=\"font-size: 12.0pt; font-family: 'Arial',sans-serif;\">.<\/span><\/p>\n<p style=\"line-height: normal;\"><span style=\"font-size: 12.0pt; font-family: Wingdings; color: black;\">o<span style=\"font: 7.0pt 'Times New Roman';\">\u00a0 <\/span><\/span><b><span style=\"font-size: 12.0pt; font-family: 'Arial',sans-serif;\">1 photocopie de la journ\u00e9e d&rsquo;appel (pour candidat de plus de 18 ans)<\/span><\/b><span style=\"font-size: 12.0pt; font-family: 'Arial',sans-serif;\">.<\/span><\/p>\n<p style=\"line-height: normal;\"><span style=\"font-size: 12.0pt; font-family: Wingdings; color: black;\">o<span style=\"font: 7.0pt 'Times New Roman';\">\u00a0 <\/span><\/span><b><span style=\"font-size: 12.0pt; font-family: 'Arial',sans-serif;\">1 enveloppe <\/span><\/b><b><span style=\"font-size: 12.0pt; font-family: 'Arial',sans-serif;\">A5<\/span><\/b><b><span style=\"font-size: 12.0pt; font-family: 'Arial',sans-serif;\">.<\/span><\/b><\/p>\n<p style=\"line-height: normal;\"><span style=\"font-size: 12.0pt; font-family: Wingdings; color: black;\">o<span style=\"font: 7.0pt 'Times New Roman';\">\u00a0 <\/span><\/span><b><span style=\"font-size: 12.0pt; font-family: 'Arial',sans-serif; color: black;\">4 timbres.<\/span><\/b><\/p>\n<p style=\"line-height: normal;\"><span style=\"font-size: 12.0pt; font-family: Wingdings; color: black;\">o<span style=\"font: 7.0pt 'Times New Roman';\">\u00a0 <\/span><\/span><b><span style=\"font-size: 12.0pt; font-family: 'Arial',sans-serif;\">1 justificatif de domicile de &#8211; 6 mois (quittance loyer non manuscrite, avis <span class=\"GramE\">d\u2019imposition, facture<\/span> eau , \u00e9lectricit\u00e9 ou t\u00e9l\u00e9phonie).<\/span><\/b><\/p>\n<p style=\"line-height: normal;\"><span style=\"font-size: 12.0pt; font-family: Wingdings; color: black;\">o<span style=\"font: 7.0pt 'Times New Roman';\">\u00a0 <\/span><\/span><b><span style=\"font-size: 12.0pt; font-family: 'Arial',sans-serif;\">Attestation d\u2019h\u00e9bergement.<\/span><\/b><\/p>\n<p style=\"line-height: normal;\"><span style=\"font-size: 12.0pt; font-family: Wingdings; color: black;\">o<span style=\"font: 7.0pt 'Times New Roman';\">\u00a0 <\/span><\/span><b><span style=\"font-size: 12.0pt; font-family: 'Arial',sans-serif;\">1 photocopie recto\/verso de la carte d\u2019identit\u00e9 de l\u2019h\u00e9bergeur.<\/span><\/b><\/p>\n<p style=\"line-height: normal;\"><b><u><span style=\"font-size: 14.0pt; font-family: 'Arial',sans-serif; color: #0099ff;\">PIECES A FOURNIR POUR LA CONSTITUTION DU DOSSIER PERMIS B96:<\/span><\/u><\/b><\/p>\n<p style=\"line-height: normal;\"><span style=\"font-size: 12.0pt; font-family: Wingdings; color: black;\">o<span style=\"font: 7.0pt 'Times New Roman';\">\u00a0 <\/span><\/span><b><span style=\"font-size: 12.0pt; font-family: 'Arial',sans-serif;\">2 photos d&rsquo;identit\u00e9 sur fond clair<\/span><\/b><\/p>\n<p style=\"line-height: normal;\"><span style=\"font-size: 12.0pt; font-family: Wingdings; color: black;\">o<span style=\"font: 7.0pt 'Times New Roman';\">\u00a0 <\/span><\/span><b><span style=\"font-size: 12.0pt; font-family: 'Arial',sans-serif;\">3 photocopies recto\/verso de la carte d\u2019identit\u00e9 en cours de validit\u00e9 ou de la carte de s\u00e9jour.<\/span><\/b><\/p>\n<p style=\"line-height: normal;\"><span style=\"font-size: 12.0pt; font-family: Wingdings; color: black;\">o<span style=\"font: 7.0pt 'Times New Roman';\">\u00a0 <\/span><\/span><b><span style=\"font-size: 12.0pt; font-family: 'Arial',sans-serif;\">2 photocopies recto\/verso du permis de conduire (obtenu depuis plus de 2ans).<\/span><\/b><\/p>\n<p style=\"line-height: normal;\"><span style=\"font-size: 12.0pt; font-family: Wingdings; color: black;\">o<span style=\"font: 7.0pt 'Times New Roman';\">\u00a0 <\/span><\/span><b><span style=\"font-size: 12.0pt; font-family: 'Arial',sans-serif;\">1 photocopie de la journ\u00e9e d&rsquo;appel (pour les candidats de plus de 18 ans).<\/span><\/b><\/p>\n<p style=\"line-height: normal;\"><span style=\"font-size: 12.0pt; font-family: Wingdings; color: black;\">o<span style=\"font: 7.0pt 'Times New Roman';\">\u00a0 <\/span><\/span><b><span style=\"font-size: 12.0pt; font-family: 'Arial',sans-serif;\">1 justificatif de domicile de moins de 3 mois en 2 exemplaires (+ 2 attestations d\u2019h\u00e9bergement si facture avec nom diff\u00e9rent + 2 copies pi\u00e8ce d&rsquo;identit\u00e9 h\u00e9bergeur).<\/span><\/b><\/p>\n<p style=\"line-height: normal;\"><b><u><span style=\"font-size: 14.0pt; font-family: 'Arial',sans-serif; color: red;\">HORAIRES DES TESTS DE CODE :<\/span><\/u><\/b><b> <\/b><\/p>\n<p><b><u><span style=\"font-size: 12.0pt; line-height: 115%; font-family: 'Arial',sans-serif; color: black;\">TOUTES LES HEURES PENDANT LES HORAIRES D&rsquo;OUVERTURE DU BUREAU\u00a0:<\/span><\/u><\/b><\/p>\n<p style=\"line-height: normal;\"><b><span style=\"font-size: 10.0pt; font-family: 'Arial',sans-serif;\">VOIR HORAIRES D\u2019OUVERTURE AU RECTO.<\/span><\/b><\/p>\n<p style=\"line-height: normal;\"><b><u><span style=\"font-size: 14.0pt; font-family: 'Arial',sans-serif; color: #00b050;\">MODALITE DE PAIEMENT :<\/span><\/u><\/b><\/p>\n<p><span style=\"font-family: 'Wingdings 3';\">[<span style=\"font: 7.0pt 'Times New Roman';\">\u00a0\u00a0\u00a0 <\/span><\/span><b><span style=\"font-family: 'Arial',sans-serif;\">CHEQUE<\/span><\/b><\/p>\n<p><span style=\"font-family: 'Wingdings 3';\">[<span style=\"font: 7.0pt 'Times New Roman';\">\u00a0\u00a0\u00a0 <\/span><\/span><b><span style=\"font-family: 'Arial',sans-serif;\">ESPECE<\/span><\/b><\/p>\n<p><span style=\"font-family: 'Wingdings 3';\">[<span style=\"font: 7.0pt 'Times New Roman';\">\u00a0\u00a0\u00a0 <\/span><\/span><b><span style=\"font-family: 'Arial',sans-serif;\">VIREMENT<\/span><\/b><\/p>\n<p><span style=\"font-family: 'Wingdings 3';\">[<span style=\"font: 7.0pt 'Times New Roman';\">\u00a0\u00a0\u00a0 <\/span><\/span><b><span style=\"font-family: 'Arial',sans-serif;\">CARTE BANCAIRE DANS CHAQUE BUREAU<\/span><\/b><\/p>\n<\/div>\n","protected":false},"excerpt":{"rendered":"<p>Agr\u00e9ment Pr\u00e9fectoral N\u00b0 E. 15 069 00046. FORMATION BE, B96 PRESTATIONS FOURNIES B 96 BE CONDUITE BE CODE+CONDUITE PTAC DE L\u2019ENSEMBLE COMPRIS ENTRE 3,5T ET 4,250T PTAC DE L\u2019ENSEMBLE COMPRIS ENTRE 4,250T ET 7,5T FRAIS DE DOSSIER P P P 7 H DE FORMATION P LIVRET DE CONDUITE P P ACCOMPAGNEMENT CONDUITE P P EVALUATION&nbsp;&hellip;<\/p>\n","protected":false},"author":1,"featured_media":0,"parent":0,"menu_order":0,"comment_status":"closed","ping_status":"closed","template":"","meta":{"footnotes":""},"_links":{"self":[{"href":"https:\/\/autoecoleporras.com\/index.php\/wp-json\/wp\/v2\/pages\/365"}],"collection":[{"href":"https:\/\/autoecoleporras.com\/index.php\/wp-json\/wp\/v2\/pages"}],"about":[{"href":"https:\/\/autoecoleporras.com\/index.php\/wp-json\/wp\/v2\/types\/page"}],"author":[{"embeddable":true,"href":"https:\/\/autoecoleporras.com\/index.php\/wp-json\/wp\/v2\/users\/1"}],"replies":[{"embeddable":true,"href":"https:\/\/autoecoleporras.com\/index.php\/wp-json\/wp\/v2\/comments?post=365"}],"version-history":[{"count":4,"href":"https:\/\/autoecoleporras.com\/index.php\/wp-json\/wp\/v2\/pages\/365\/revisions"}],"predecessor-version":[{"id":713,"href":"https:\/\/autoecoleporras.com\/index.php\/wp-json\/wp\/v2\/pages\/365\/revisions\/713"}],"wp:attachment":[{"href":"https:\/\/autoecoleporras.com\/index.php\/wp-json\/wp\/v2\/media?parent=365"}],"curies":[{"name":"wp","href":"https:\/\/api.w.org\/{rel}","templated":true}]}}