{"id":423,"date":"2020-10-06T11:10:45","date_gmt":"2020-10-06T09:10:45","guid":{"rendered":"https:\/\/autoecoleporras.com\/?page_id=423"},"modified":"2023-11-20T11:12:24","modified_gmt":"2023-11-20T10:12:24","slug":"les-stages-postpermis","status":"publish","type":"page","link":"https:\/\/autoecoleporras.com\/index.php\/les-stages-postpermis\/","title":{"rendered":"Les stages postpermis"},"content":{"rendered":"\t\t<div data-elementor-type=\"wp-page\" data-elementor-id=\"423\" class=\"elementor elementor-423\">\n\t\t\t\t\t\t\t<div class=\"elementor-element elementor-element-36130008 e-flex e-con-boxed e-con e-parent\" data-id=\"36130008\" data-element_type=\"container\" data-settings=\"{&quot;content_width&quot;:&quot;boxed&quot;}\" data-core-v316-plus=\"true\">\n\t\t\t\t\t<div class=\"e-con-inner\">\n\t\t\t\t<div class=\"elementor-element elementor-element-6187cc34 elementor-widget elementor-widget-text-editor\" data-id=\"6187cc34\" data-element_type=\"widget\" data-widget_type=\"text-editor.default\">\n\t\t\t\t<div class=\"elementor-widget-container\">\n\t\t\t<style>\/*! elementor - v3.16.0 - 20-09-2023 *\/\n.elementor-widget-text-editor.elementor-drop-cap-view-stacked .elementor-drop-cap{background-color:#69727d;color:#fff}.elementor-widget-text-editor.elementor-drop-cap-view-framed .elementor-drop-cap{color:#69727d;border:3px solid;background-color:transparent}.elementor-widget-text-editor:not(.elementor-drop-cap-view-default) .elementor-drop-cap{margin-top:8px}.elementor-widget-text-editor:not(.elementor-drop-cap-view-default) .elementor-drop-cap-letter{width:1em;height:1em}.elementor-widget-text-editor .elementor-drop-cap{float:left;text-align:center;line-height:1;font-size:50px}.elementor-widget-text-editor .elementor-drop-cap-letter{display:inline-block}<\/style>\t\t\t\t<!-- wp:heading {\"level\":1} -->\n<h2>Les stages postpermis et r\u00e9duction de la p\u00e9riode probatoire<\/h2>\n<!-- \/wp:heading --><!-- wp:paragraph -->\n<p>Les titulaires d\u2019un premier permis de conduire qui choisissent de suivre une formation compl\u00e9mentaire \u00ab postpermis \u00bb, entre 6 et 12 mois apr\u00e8s l&rsquo;obtention du permis, b\u00e9n\u00e9ficient d\u2019une r\u00e9duction de la p\u00e9riode probatoire.<\/p>\n<!-- \/wp:paragraph --><!-- wp:heading -->\n<h4>Un stage postpermis : pourquoi et pour qui ?<\/h4>\n<!-- \/wp:heading --><!-- wp:paragraph -->\n<p>Cette formation d\u2019une journ\u00e9e, si elle est suivie\u00a0<strong>entre six et douze mois apr\u00e8s l\u2019obtention du permis<\/strong>, a pour objectif d\u2019engager une prise de conscience sur le risque afin d&rsquo;\u00e9viter un sentiment de surconfiance au moment o\u00f9 le jeune conducteur a\u00a0acquis davantage d&rsquo;assurance au volant.<\/p>\n<!-- \/wp:paragraph --><!-- wp:paragraph -->\n<p>Pr\u00e8s d\u2019un quart des accidents impliquent\u00a0un conducteur novice, ayant moins de 2 deux ans de permis.<\/p>\n<!-- \/wp:paragraph --><!-- wp:heading {\"level\":3} -->\n<h4>R\u00e9duction de la p\u00e9riode probatoire<\/h4>\n<!-- \/wp:heading --><!-- wp:paragraph -->\n<p>En suivant ce stage, la p\u00e9riode probatoire est r\u00e9duite \u00e0 2 deux ans, au lieu de trois pour les formations traditionnelles (et \u00e0 un an et demi au lieu de 2 ans pour ceux ayant b\u00e9n\u00e9fici\u00e9 de la conduite accompagn\u00e9e), sous r\u00e9serve de ne pas avoir commis d\u2019infraction entra\u00eenant la perte de \u00a0points sur son permis.<\/p>\n<!-- \/wp:paragraph --><!-- wp:paragraph -->\n<p>La formation est\u00a0dispens\u00e9e uniquement par les \u00e9coles de conduite d\u00e9tentrices d\u2019un label \u00ab qualit\u00e9\u00a0\u00bb, d\u00e9livr\u00e9 par les services de l&rsquo;\u00c9tat garantissant la qualit\u00e9 de sa formation.<a href=\"https:\/\/www.securite-routiere.gouv.fr\/passer-son-permis-de-conduire\/inscription-et-formation\/inscription-dans-une-ecole-de-conduite\/les\" target=\"_blank\" rel=\"noreferrer noopener\">L<\/a><\/p>\n<!-- \/wp:paragraph --><!-- wp:image {\"id\":188,\"align\":\"center\"} -->\n<div class=\"wp-block-image\">\n<figure class=\"aligncenter\"><img decoding=\"async\" loading=\"lazy\" width=\"226\" height=\"215\" class=\"wp-image-188\" src=\"https:\/\/autoecoleporras.com\/wp-content\/uploads\/2020\/06\/logo_ecole_de_conduite_0_0.png\" alt=\"\" \/><\/figure>\n<\/div>\n<!-- \/wp:image --><!-- wp:paragraph -->\n<p>La formation est collective afin de permettre un maximum d\u2019\u00e9changes sur les exp\u00e9riences de conduite entre les conducteurs d\u2019une m\u00eame g\u00e9n\u00e9ration.<\/p>\n<!-- \/wp:paragraph --><!-- wp:paragraph -->\n<p>Un enseignant de la conduite sp\u00e9cialement form\u00e9 sera responsable de l\u2019animation de chacune de ces journ\u00e9es.<\/p>\n<!-- \/wp:paragraph --><!-- wp:paragraph -->\n<p>Le contenu de la formation, \u00e9labor\u00e9 par des sp\u00e9cialistes de la s\u00e9curit\u00e9 routi\u00e8re, fait l\u2019objet d\u2019un arr\u00eat\u00e9 publi\u00e9 le 10 mai 2019 qui pr\u00e9cise le contenu, l&rsquo;organisation et les modalit\u00e9s de d\u00e9livrance de l&rsquo;attestation de suivi de la formation compl\u00e9mentaire.<\/p>\n<!-- \/wp:paragraph --><!-- wp:paragraph -->\n<p>(sources : https:\/\/www.securite-routiere.gouv.fr\/)<\/p>\n<!-- \/wp:paragraph --><!-- wp:paragraph -->\n<p>\u00a0<\/p>\n<!-- \/wp:paragraph -->\t\t\t\t\t\t<\/div>\n\t\t\t\t<\/div>\n\t\t\t\t\t<\/div>\n\t\t\t\t<\/div>\n\t\t\t\t\t\t\t<\/div>\n\t\t","protected":false},"excerpt":{"rendered":"<p>Les stages postpermis et r\u00e9duction de la p\u00e9riode probatoire Les titulaires d\u2019un premier permis de conduire qui choisissent de suivre une formation compl\u00e9mentaire \u00ab postpermis \u00bb, entre 6 et 12 mois apr\u00e8s l&rsquo;obtention du permis, b\u00e9n\u00e9ficient d\u2019une r\u00e9duction de la p\u00e9riode probatoire. Un stage postpermis : pourquoi et pour qui ? Cette formation d\u2019une journ\u00e9e,&nbsp;&hellip;<\/p>\n","protected":false},"author":1,"featured_media":1498,"parent":0,"menu_order":0,"comment_status":"closed","ping_status":"closed","template":"","meta":{"footnotes":""},"_links":{"self":[{"href":"https:\/\/autoecoleporras.com\/index.php\/wp-json\/wp\/v2\/pages\/423"}],"collection":[{"href":"https:\/\/autoecoleporras.com\/index.php\/wp-json\/wp\/v2\/pages"}],"about":[{"href":"https:\/\/autoecoleporras.com\/index.php\/wp-json\/wp\/v2\/types\/page"}],"author":[{"embeddable":true,"href":"https:\/\/autoecoleporras.com\/index.php\/wp-json\/wp\/v2\/users\/1"}],"replies":[{"embeddable":true,"href":"https:\/\/autoecoleporras.com\/index.php\/wp-json\/wp\/v2\/comments?post=423"}],"version-history":[{"count":7,"href":"https:\/\/autoecoleporras.com\/index.php\/wp-json\/wp\/v2\/pages\/423\/revisions"}],"predecessor-version":[{"id":1495,"href":"https:\/\/autoecoleporras.com\/index.php\/wp-json\/wp\/v2\/pages\/423\/revisions\/1495"}],"wp:featuredmedia":[{"embeddable":true,"href":"https:\/\/autoecoleporras.com\/index.php\/wp-json\/wp\/v2\/media\/1498"}],"wp:attachment":[{"href":"https:\/\/autoecoleporras.com\/index.php\/wp-json\/wp\/v2\/media?parent=423"}],"curies":[{"name":"wp","href":"https:\/\/api.w.org\/{rel}","templated":true}]}}

<div data-elementor-type="wp-page" data-elementor-id="423" class="elementor elementor-423">
							<div class="elementor-element elementor-element-36130008 e-flex e-con-boxed e-con e-parent" data-id="36130008" data-element_type="container" data-settings="{&quot;content_width&quot;:&quot;boxed&quot;}" data-core-v316-plus="true">
					<div class="e-con-inner">
				<div class="elementor-element elementor-element-6187cc34 elementor-widget elementor-widget-text-editor" data-id="6187cc34" data-element_type="widget" data-widget_type="text-editor.default">
				<div class="elementor-widget-container">
			<style>/*! elementor - v3.16.0 - 20-09-2023 */
.elementor-widget-text-editor.elementor-drop-cap-view-stacked .elementor-drop-cap{background-color:#69727d;color:#fff}.elementor-widget-text-editor.elementor-drop-cap-view-framed .elementor-drop-cap{color:#69727d;border:3px solid;background-color:transparent}.elementor-widget-text-editor:not(.elementor-drop-cap-view-default) .elementor-drop-cap{margin-top:8px}.elementor-widget-text-editor:not(.elementor-drop-cap-view-default) .elementor-drop-cap-letter{width:1em;height:1em}.elementor-widget-text-editor .elementor-drop-cap{float:left;text-align:center;line-height:1;font-size:50px}.elementor-widget-text-editor .elementor-drop-cap-letter{display:inline-block}</style>				<!-- wp:heading {"level":1} -->
<h2>Les stages postpermis et réduction de la période probatoire</h2>
<!-- /wp:heading --><!-- wp:paragraph -->
<p>Les titulaires d’un premier permis de conduire qui choisissent de suivre une formation complémentaire « postpermis », entre 6 et 12 mois après l&rsquo;obtention du permis, bénéficient d’une réduction de la période probatoire.</p>
<!-- /wp:paragraph --><!-- wp:heading -->
<h4>Un stage postpermis : pourquoi et pour qui ?</h4>
<!-- /wp:heading --><!-- wp:paragraph -->
<p>Cette formation d’une journée, si elle est suivie <strong>entre six et douze mois après l’obtention du permis</strong>, a pour objectif d’engager une prise de conscience sur le risque afin d&rsquo;éviter un sentiment de surconfiance au moment où le jeune conducteur a acquis davantage d&rsquo;assurance au volant.</p>
<!-- /wp:paragraph --><!-- wp:paragraph -->
<p>Près d’un quart des accidents impliquent un conducteur novice, ayant moins de 2 deux ans de permis.</p>
<!-- /wp:paragraph --><!-- wp:heading {"level":3} -->
<h4>Réduction de la période probatoire</h4>
<!-- /wp:heading --><!-- wp:paragraph -->
<p>En suivant ce stage, la période probatoire est réduite à 2 deux ans, au lieu de trois pour les formations traditionnelles (et à un an et demi au lieu de 2 ans pour ceux ayant bénéficié de la conduite accompagnée), sous réserve de ne pas avoir commis d’infraction entraînant la perte de  points sur son permis.</p>
<!-- /wp:paragraph --><!-- wp:paragraph -->
<p>La formation est dispensée uniquement par les écoles de conduite détentrices d’un label « qualité », délivré par les services de l&rsquo;État garantissant la qualité de sa formation.<a href="https://www.securite-routiere.gouv.fr/passer-son-permis-de-conduire/inscription-et-formation/inscription-dans-une-ecole-de-conduite/les" target="_blank" rel="noreferrer noopener">L</a></p>
<!-- /wp:paragraph --><!-- wp:image {"id":188,"align":"center"} -->
<div class="wp-block-image">
<figure class="aligncenter"><img decoding="async" loading="lazy" width="226" height="215" class="wp-image-188" src="https://autoecoleporras.com/wp-content/uploads/2020/06/logo_ecole_de_conduite_0_0.png" alt="" /></figure>
</div>
<!-- /wp:image --><!-- wp:paragraph -->
<p>La formation est collective afin de permettre un maximum d’échanges sur les expériences de conduite entre les conducteurs d’une même génération.</p>
<!-- /wp:paragraph --><!-- wp:paragraph -->
<p>Un enseignant de la conduite spécialement formé sera responsable de l’animation de chacune de ces journées.</p>
<!-- /wp:paragraph --><!-- wp:paragraph -->
<p>Le contenu de la formation, élaboré par des spécialistes de la sécurité routière, fait l’objet d’un arrêté publié le 10 mai 2019 qui précise le contenu, l&rsquo;organisation et les modalités de délivrance de l&rsquo;attestation de suivi de la formation complémentaire.</p>
<!-- /wp:paragraph --><!-- wp:paragraph -->
<p>(sources : https://www.securite-routiere.gouv.fr/)</p>
<!-- /wp:paragraph --><!-- wp:paragraph -->
<p> </p>
<!-- /wp:paragraph -->						</div>
				</div>
					</div>
				</div>
							</div>

<p>Les stages postpermis et réduction de la période probatoire Les titulaires d’un premier permis de conduire qui choisissent de suivre une formation complémentaire « postpermis », entre 6 et 12 mois après l&rsquo;obtention du permis, bénéficient d’une réduction de la période probatoire. Un stage postpermis : pourquoi et pour qui ? Cette formation d’une journée,&nbsp;&hellip;</p>
